and 123142998.
3014
Calculate the highest common divisor of 710 and 16326095.
355
Calculate the highest common factor of 12 and 3138522.
6
Calculate the greatest common divisor of 8240640 and 666.
222
Calculate the highest common factor of 7525 and 90455015.
1505
What is the highest common factor of 6 and 136406?
2
What is the highest common factor of 6 and 35519754?
6
What is the highest common factor of 77648 and 944702?
46
Calculate the greatest common factor of 76032 and 70983.
297
Calculate the greatest common divisor of 90738461 and 3531.
1177
What is the highest common divisor of 630341 and 66761?
101
Calculate the greatest common factor of 36900 and 417544.
164
Calculate the highest common factor of 2883 and 42656.
31
What is the greatest common divisor of 470668729 and 349?
349
Calculate the highest common divisor of 788 and 6639885.
197
Calculate the highest common factor of 2852641 and 165.
11
What is the greatest common divisor of 50029 and 80752?
49
Calculate the highest common divisor of 21177739 and 77.
11
What is the highest common divisor of 12 and 21360732?
12
What is the greatest common divisor of 2726163 and 422919?
1233
What is the highest common factor of 20984 and 695095?
2623
Calculate the highest common factor of 302220 and 3811257.
657
Calculate the highest common factor of 131127 and 3179529.
1203
What is the highest common divisor of 516739008 and 72?
24
What is the highest common factor of 1570 and 9641510?
10
What is the highest common factor of 160 and 68024230?
10
Calculate the greatest common divisor of 5264825 and 541750.
4925
What is the greatest common divisor of 29120448 and 24?
24
What is the greatest common divisor of 8110088 and 18088?
952
What is the highest common divisor of 9017513 and 452?
113
Calculate the highest common factor of 563280708 and 12.
12
What is the greatest common divisor of 5493281 and 9468?
263
Calculate the greatest common factor of 4043576 and 2.
2
What is the greatest common factor of 99112 and 24232?
104
What is the greatest common divisor of 114025660 and 21?
7
What is the highest common divisor of 16230900 and 250210?
1310
What is the highest common divisor of 344239 and 6818?
7
What is the highest common divisor of 2699970 and 203021?
2093
Calculate the highest common factor of 482004 and 31068.
36
Calculate the highest common divisor of 387543552 and 528.
528
What is the highest common factor of 3173 and 30705121?
3173
What is the highest common factor of 140 and 2881466?
14
Calculate the highest common divisor of 4401982 and 533.
13
What is the highest common factor of 2477873 and 431177?
797
Calculate the greatest common divisor of 22831 and 12375269.
289
What is the greatest common divisor of 2664206 and 1241?
17
What is the greatest common divisor of 11833085 and 1540?
55
What is the highest common divisor of 383738 and 939?
313
Calculate the highest common factor of 543640 and 6520.
40
Calculate the highest common divisor of 4024436 and 812916.
10036
What is the greatest common divisor of 9456 and 6750096?
48
Calculate the greatest common factor of 2632982271 and 74.
37
Calculate the greatest common factor of 12 and 8174046.
6
What is the highest common divisor of 1405692 and 36?
36
Calculate the greatest common factor of 33 and 159.
3
Calculate the highest common factor of 53062 and 27176.
86
Calculate the highest common divisor of 69594831 and 1964.
491
Calculate the greatest common divisor of 915 and 47115119.
61
Calculate the highest common factor of 454398 and 37014.
186
What is the highest common divisor of 225786600 and 225?
225
Calculate the highest common factor of 323296070 and 820.
410
What is the greatest common divisor of 46426963 and 7953?
2651
Calculate the greatest common factor of 1051712157 and 51.
51
What is the greatest common factor of 6912 and 107776?
256
Calculate the highest common factor of 102 and 6337923.
51
Calculate the greatest common divisor of 501 and 3281717.
167
Calculate the greatest common factor of 36899030 and 20.
10
What is the highest common divisor of 1101 and 896196017?
367
What is the highest common divisor of 2144600 and 5000?
200
What is the greatest common divisor of 122885 and 219590?
35
What is the highest common factor of 3606250 and 6500?
250
What is the highest common divisor of 1327 and 20220826?
1327
What is the highest common factor of 496 and 29626979?
31
What is the highest common divisor of 4482 and 8331291?
747
Calculate the highest common factor of 2662432 and 136.
8
Calculate the highest common factor of 10076360 and 1000.
40
Calculate the highest common factor of 311655564 and 7491.
7491
What is the highest common divisor of 22120 and 9514760?
3160
Calculate the highest common divisor of 3070 and 1178530020.
3070
Calculate the greatest common factor of 12639994 and 978070.
4162
What is the highest common divisor of 41540 and 20516420?
620
What is the highest common divisor of 1147675 and 145?
145
What is the greatest common factor of 9864504 and 47736?
2808
Calculate the highest common divisor of 2140684 and 154.
14
What is the greatest common factor of 30004 and 97700525?
7501
What is the highest common divisor of 2456 and 11375578?
614
What is the greatest common factor of 1431 and 1238031?
27
What is the highest common divisor of 23360438 and 732?
122
What is the highest common factor of 19174275 and 651?
93
What is the greatest common divisor of 38683 and 62317?
101
What is the highest common factor of 3248 and 5711202?
406
Calculate the greatest common factor of 198501 and 138684.
381
Calculate the greatest common factor of 664 and 359269567.
83
Calculate the greatest common factor of 28232785 and 2480.
155
Calculate the highest common divisor of 27145 and 1745735.
445
Calculate the greatest common factor of 2830 and 58354600.
2830
What is the greatest common factor of 10 and 12956345?
5
Calculate the greatest common factor of 699838847 and 17.
17
Calculate the greatest common divisor of 130 and 4565405.
65
Calculate the highest common factor of 7685927 and 458.
229
Calculate the highest common divisor of 18680301 and 1377.
81
Calculate the highest common divisor of 107875 and 439267.
863
Calculate the highest common factor of 5 and 18845405.
5
Calculate the greatest common factor of 92987715 and 1290.
645
Calculate the highest common divisor of 4859020 and 63500.
2540
What is the highest common factor of 88 and 207120?
8
What is the highest common divisor of 282268530 and 3460?
1730
What is the greatest common factor of 1672 and 89010136?
152
What is the greatest common divisor of 451292 and 13364?
1028
What is the highest common factor of 20421 and 12024?
9
Calculate the highest common factor of 12 and 333843.
3
What is the greatest common divisor of 48 and 1737897328?
16
What is the greatest common divisor of 8425376 and 544?
32
What is the highest common divisor of 310672897 and 596?
149
Calculate the greatest common factor of 60589713 and 642.
321
Calculate the highest common factor of 1534650 and 6193690.
7870
Calculate the highest common factor of 6027600 and 220.
20
What is the greatest common factor of 43533 and 18009?
9
What is the highest common divisor of 2517297 and 40893?
951
Calculate the highest common factor of 10572 and 910236.
12
What is the highest common divisor of 737 and 31220861?
67
What is the greatest common divisor of 112770 and 135281398?
2506
What is the highest common divisor of 4438970 and 3599?
61
Calculate the greatest common factor of 20214648 and 36.
36
What is the greatest common divisor of 1384724 and 2420?
484
Calculate the greatest common factor of 257003990 and 94.
94
Calculate the greatest common divisor of 333900 and 2052225.
1575
Calculate the highest common divisor of 8356304 and 132.
44
What is the greatest common divisor of 53180 and 230?
10
What is the greatest common divisor of 307016835 and 30?
15
Calculate the greatest common factor of 2012 and 1738894138.
1006
Calculate the greatest common divisor of 18830 and 1194898.
538
What is the greatest common factor of 97381028 and 2390?
478
Calculate the greatest common factor of 67808 and 11573.
163
What is the greatest common factor of 1188245 and 81581?
3547
Calculate the greatest common factor of 47213 a